{"id":13543,"date":"2021-02-17T08:56:37","date_gmt":"2021-02-17T08:56:37","guid":{"rendered":"https:\/\/kaffeecenter.ch\/?page_id=13543"},"modified":"2021-02-17T08:56:37","modified_gmt":"2021-02-17T08:56:37","slug":"abrechnungsbedingungen","status":"publish","type":"page","link":"https:\/\/kaffeecenter.ch\/fr\/abrechnungsbedingungen\/","title":{"rendered":"Conditions de facturation"},"content":{"rendered":"<div class=\"wpb-content-wrapper\"><div class=\"vc_row wpb_row vc_row-fluid edgtf-section edgtf-content-aligment-left\" style=\"\"><div class=\"clearfix edgtf-full-section-inner\"><div class=\"wpb_column vc_column_container vc_col-sm-12\"><div class=\"vc_column-inner\"><div class=\"wpb_wrapper\">\n\t<div class=\"wpb_text_column wpb_content_element\" >\n\t\t<div class=\"wpb_wrapper\">\n\t\t\t<h2>Conditions de facturation<\/h2>\n<p>Nous nous r\u00e9servons le droit de refuser les commandes que vous passez chez nous. Nous pouvons, \u00e0 notre enti\u00e8re discr\u00e9tion, limiter ou annuler les quantit\u00e9s achet\u00e9es par personne, par m\u00e9nage ou par commande. Ces limitations peuvent inclure les commandes pass\u00e9es depuis ou sous le m\u00eame compte client, la m\u00eame carte de cr\u00e9dit et \/ ou les commandes pass\u00e9es avec la m\u00eame adresse de facturation et \/ ou de livraison. Si nous modifions ou annulons une commande, nous pouvons tenter de vous en informer en contactant l'adresse e-mail et \/ ou l'adresse de facturation \/ le num\u00e9ro de t\u00e9l\u00e9phone fournis au moment de la commande. Nous nous r\u00e9servons le droit de limiter ou d'interdire les commandes pass\u00e9es par des distributeurs, des revendeurs ou des commer\u00e7ants, \u00e0 notre seule discr\u00e9tion.<\/p>\n\n\t\t<\/div>\n\t<\/div>\n<\/div><\/div><\/div><\/div><\/div>\n<\/div>","protected":false},"excerpt":{"rendered":"Abrechnungsbedingungen Wir behalten uns das Recht vor, Bestellungen, die Sie bei uns aufgeben, abzulehnen. Wir k\u00f6nnen nach eigenem Ermessen die pro Person, pro Haushalt oder pro Bestellung gekauften...","protected":false},"author":1,"featured_media":0,"parent":0,"menu_order":0,"comment_status":"closed","ping_status":"closed","template":"","meta":{"inline_featured_image":false,"footnotes":""},"class_list":["post-13543","page","type-page","status-publish","hentry"],"aioseo_notices":[],"_links":{"self":[{"href":"https:\/\/kaffeecenter.ch\/fr\/wp-json\/wp\/v2\/pages\/13543","targetHints":{"allow":["GET"]}}],"collection":[{"href":"https:\/\/kaffeecenter.ch\/fr\/wp-json\/wp\/v2\/pages"}],"about":[{"href":"https:\/\/kaffeecenter.ch\/fr\/wp-json\/wp\/v2\/types\/page"}],"author":[{"embeddable":true,"href":"https:\/\/kaffeecenter.ch\/fr\/wp-json\/wp\/v2\/users\/1"}],"replies":[{"embeddable":true,"href":"https:\/\/kaffeecenter.ch\/fr\/wp-json\/wp\/v2\/comments?post=13543"}],"version-history":[{"count":0,"href":"https:\/\/kaffeecenter.ch\/fr\/wp-json\/wp\/v2\/pages\/13543\/revisions"}],"wp:attachment":[{"href":"https:\/\/kaffeecenter.ch\/fr\/wp-json\/wp\/v2\/media?parent=13543"}],"curies":[{"name":"wp","href":"https:\/\/api.w.org\/{rel}","templated":true}]}}

<div class="wpb-content-wrapper"><div class="vc_row wpb_row vc_row-fluid edgtf-section edgtf-content-aligment-left" style=""><div class="clearfix edgtf-full-section-inner"><div class="wpb_column vc_column_container vc_col-sm-12"><div class="vc_column-inner"><div class="wpb_wrapper">
	<div class="wpb_text_column wpb_content_element" >
		<div class="wpb_wrapper">
			<h2>Conditions de facturation</h2>
<p>Nous nous réservons le droit de refuser les commandes que vous passez chez nous. Nous pouvons, à notre entière discrétion, limiter ou annuler les quantités achetées par personne, par ménage ou par commande. Ces limitations peuvent inclure les commandes passées depuis ou sous le même compte client, la même carte de crédit et / ou les commandes passées avec la même adresse de facturation et / ou de livraison. Si nous modifions ou annulons une commande, nous pouvons tenter de vous en informer en contactant l'adresse e-mail et / ou l'adresse de facturation / le numéro de téléphone fournis au moment de la commande. Nous nous réservons le droit de limiter ou d'interdire les commandes passées par des distributeurs, des revendeurs ou des commerçants, à notre seule discrétion.</p>

		</div>
	</div>
</div></div></div></div></div>
</div>

Abrechnungsbedingungen Wir behalten uns das Recht vor, Bestellungen, die Sie bei uns aufgeben, abzulehnen. Wir können nach eigenem Ermessen die pro Person, pro Haushalt oder pro Bestellung gekauften...
